5 is divided by 42.
23
Calculate the remainder when 43 is divided by 2.
1
Calculate the remainder when 2032 is divided by 30.
22
Calculate the remainder when 104 is divided by 54.
50
What is the remainder when 1014 is divided by 15?
9
What is the remainder when 100 is divided by 37?
26
Calculate the remainder when 1504 is divided by 76.
60
Calculate the remainder when 804 is divided by 53.
9
Calculate the remainder when 93 is divided by 31.
0
What is the remainder when 285 is divided by 24?
21
Calculate the remainder when 863 is divided by 144.
143
What is the remainder when 277 is divided by 57?
49
Calculate the remainder when 1049 is divided by 5.
4
What is the remainder when 69 is divided by 8?
5
Calculate the remainder when 11300 is divided by 89.
86
What is the remainder when 736 is divided by 135?
61
What is the remainder when 550 is divided by 111?
106
What is the remainder when 224 is divided by 75?
74
Calculate the remainder when 204 is divided by 41.
40
What is the remainder when 43 is divided by 21?
1
What is the remainder when 2427 is divided by 67?
15
Calculate the remainder when 871 is divided by 19.
16
Calculate the remainder when 907 is divided by 275.
82
What is the remainder when 9033 is divided by 65?
63
Calculate the remainder when 204 is divided by 57.
33
What is the remainder when 1106 is divided by 42?
14
What is the remainder when 120 is divided by 101?
19
What is the remainder when 73 is divided by 15?
13
What is the remainder when 1741 is divided by 74?
39
What is the remainder when 794 is divided by 12?
2
Calculate the remainder when 895 is divided by 889.
6
What is the remainder when 322 is divided by 11?
3
Calculate the remainder when 653 is divided by 148.
61
Calculate the remainder when 214 is divided by 31.
28
Calculate the remainder when 123 is divided by 9.
6
Calculate the remainder when 1194 is divided by 396.
6
What is the remainder when 218 is divided by 20?
18
What is the remainder when 1104 is divided by 276?
0
What is the remainder when 432 is divided by 113?
93
Calculate the remainder when 2477 is divided by 92.
85
What is the remainder when 978 is divided by 7?
5
Calculate the remainder when 353 is divided by 156.
41
What is the remainder when 2171 is divided by 66?
59
What is the remainder when 399 is divided by 31?
27
Calculate the remainder when 1981 is divided by 248.
245
What is the remainder when 176 is divided by 87?
2
What is the remainder when 3767 is divided by 13?
10
Calculate the remainder when 256 is divided by 96.
64
Calculate the remainder when 852 is divided by 14.
12
What is the remainder when 1109 is divided by 34?
21
What is the remainder when 538 is divided by 34?
28
What is the remainder when 674 is divided by 27?
26
What is the remainder when 46 is divided by 9?
1
Calculate the remainder when 1565 is divided by 196.
193
Calculate the remainder when 81 is divided by 28.
25
What is the remainder when 161 is divided by 15?
11
Calculate the remainder when 1203 is divided by 1197.
6
What is the remainder when 34866 is divided by 379?
377
What is the remainder when 1219 is divided by 37?
35
Calculate the remainder when 6964 is divided by 9.
7
Calculate the remainder when 249 is divided by 10.
9
What is the remainder when 627 is divided by 64?
51
What is the remainder when 293 is divided by 92?
17
What is the remainder when 1309 is divided by 82?
79
Calculate the remainder when 243 is divided by 71.
30
Calculate the remainder when 320 is divided by 166.
154
What is the remainder when 1765 is divided by 52?
49
Calculate the remainder when 1478 is divided by 51.
50
What is the remainder when 899 is divided by 38?
25
Calculate the remainder when 6159 is divided by 44.
43
Calculate the remainder when 1318 is divided by 417.
67
What is the remainder when 1258 is divided by 75?
58
Calculate the remainder when 3645 is divided by 405.
0
Calculate the remainder when 130 is divided by 33.
31
Calculate the remainder when 854 is divided by 35.
14
What is the remainder when 6510 is divided by 49?
42
What is the remainder when 92429 is divided by 212?
209
Calculate the remainder when 377 is divided by 11.
3
Calculate the remainder when 1150 is divided by 113.
20
What is the remainder when 490 is divided by 29?
26
Calculate the remainder when 2496 is divided by 139.
133
What is the remainder when 472 is divided by 128?
88
What is the remainder when 303 is divided by 6?
3
What is the remainder when 209 is divided by 100?
9
What is the remainder when 1869 is divided by 85?
84
Calculate the remainder when 460 is divided by 106.
36
Calculate the remainder when 39 is divided by 11.
6
What is the remainder when 1631 is divided by 19?
16
What is the remainder when 47 is divided by 19?
9
What is the remainder when 1732 is divided by 337?
47
Calculate the remainder when 2181 is divided by 5.
1
Calculate the remainder when 204 is divided by 54.
42
Calculate the remainder when 441 is divided by 75.
66
Calculate the remainder when 237 is divided by 10.
7
What is the remainder when 248 is divided by 44?
28
What is the remainder when 788 is divided by 74?
48
What is the remainder when 3626 is divided by 30?
26
What is the remainder when 39 is divided by 6?
3
What is the remainder when 151 is divided by 16?
7
What is the remainder when 2859 is divided by 20?
19
Calculate the remainder when 40 is divided by 35.
5
What is the remainder when 250 is divided by 23?
20
What is the remainder when 1676 is divided by 1669?
7
Calculate the remainder when 861 is divided by 67.
57
What is the remainder when 508 is divided by 132?
112
What is the remainder when 645 is divided by 108?
105
What is the remainder when 1317 is divided by 33?
30
Calculate the remainder when 391 is divided by 44.
39
Calculate the remainder when 105 is divided by 56.
49
Calculate the remainder when 233 is divided by 17.
12
What is the remainder when 48 is divided by 30?
18
Calculate the remainder when 149 is divided by 39.
32
What is the remainder when 229 is divided by 67?
28
What is the remainder when 4896 is divided by 213?
210
Calculate the remainder when 35759 is divided by 149.
148
Calculate the remainder when 181 is divided by 31.
26
Calculate the remainder when 576 is divided by 121.
92
Calculate the remainder when 295 is divided by 11.
9
What is the remainder when 2974 is divided by 52?
10
Calculate the remainder when 2303 is divided by 128.
127
Calculate the remainder when 15 is divided by 3.
0
Calculate the remainder when 1601 is divided by 6.
5
Calculate the remainder when 774 is divided by 111.
108
Calculate the remainder when 5340 is divided by 1066.
10
What is the remainder when 197 is divided by 114?
83
What is the remainder when 59 is divided by 22?
15
Calculate the remainder when 315 is divided by 79.
78
What is the remainder when 836 is divided by 9?
8
Calculate the remainder when 1670 is divided by 332.
10
Calculate the remainder when 183 is divided by 6.
3
What is the remainder when 798 is divided by 198?
6
Calculate the remainder when 227 is divided by 19.
18
Calculate the remainder when 179 is divided by 49.
32
What is the remainder when 440 is divided by 174?
92
What is the remainder when 7151 is divided by 149?
148
Calculate the remainder when 36 is divided by 5.
1
What is the remainder when 154 is divided by 26?
24
What is the remainder when 4233 is divided by 53?
46
What is the remainder when 3391 is divided by 32?
31
What is the remainder when 50 is divided by 16?
2
What is the remainder when 2971 is divided by 12?
7
Calculate the remainder when 359 is divided by 326.
33
What is the remainder when 177 is divided by 18?
15
Calculate the remainder when 6901 is divided by 1725.
1
What is the remainder when 100 is divided by 35?
30
Calculate the remainder when 692 is divided by 203.
83
What is the remainder when 213 is divided by 106?
1
Calculate the remainder when 120 is divided by 20.
0
What is the remainder when 544 is divided by 32?
0
What is the remainder when 77 is divided by 20?
17
Calculate the remainder when 275 is divided by 69.
68
Calculate the remainder when 472 is divided by 20.
12
Calculate the remainder when 2434 is divided by 70.
54
Calculate the remainder when 236 is divided by 236.
0
Calculate the remainder 